/(-2). Suppose 2*v = -4*r + 6910, 3*v = -5*r + v + i. Let m = r - 499. Is m composite?
True
Let c = -75 + 180. Let i be 11530/(-40) - (-15)/(-20). Let v = c - i. Is v composite?
True
Let q = -39779 - -89097. Let p = q - 24609. Is p a composite number?
False
Let i = 8362 - -12115. Is i composite?
False
Suppose -n = j - 2*j - 1003, -4*n + 4002 = j. Suppose 2718 = 2*c + h, -c + h + 364 + n = 0. Is c a prime number?
True
Let h(k) = 3*k**3 - 57*k**2 - 45*k - 125. Is h(52) composite?
False
Let q(p) = 204*p**2 + 8*p + 89. Let v be q(-7). Suppose 3*z - v = 9756. Is z a prime number?
False
Suppose 16*w + 104060 - 303404 = 0. Is w prime?
False
Let y(w) = 1256*w**2 - 98*w - 739. Is y(-8) a composite number?
False
Suppose 0 = -4*q - 7 + 19. Suppose q*u - 7*u + 628 = 0. Suppose 116 = 3*w - u. Is w prime?
False
Suppose 32*l - 31*l + 4*i = 475759, 0 = 5*l + 5*i - 2378735. Is l composite?
True
Let p(y) = y**3 - 13*y**2 - 40*y - 15. Let c be p(24). Suppose -5*h = -4*n - c, 3*h - n = -6*n + 3224. Is h a prime number?
False
Suppose -5*u + 232 - 210 = 3*s, -15 = -4*u - 5*s. Let w be 8/2 + -1 + 2. Suppose w*g + u*g = 5630. Is g composite?
False
Let a be 2 - 0 - (-5)/(-4)*4. Let r be 0 + 0*a/15. Suppose r = -5*b + 500 + 390. Is b a composite number?
True
Is (-13548)/(-30)*14 + (24/40)/1 prime?
True
Suppose 4*o - 14 = -4*f + 18, 3*o + 4*f - 25 = 0. Suppose -4*r = -5*r - m - 7, 4*r - o = 3*m. Is (-9128)/(-12) - r/6 composite?
False
Let k(n) = 8*n**2 - n - 6. Let i be k(4). Is 555/6*i/5 a composite number?
True
Is (7 - -28695)*(1/10 + 10/25) a prime number?
False
Suppose 214*m = 224*m - 1901210. Is m a composite number?
False
Let l(m) = m**3 + 4*m**2 + 8*m + 28. Let x be l(-4). Is ((421 + 3)/x)/((-10)/145) composite?
True
Let r(x) = 6*x + 58. Let g be r(-13). Is (g/5)/(-4)*(509 + 6) prime?
False
Let f(t) = 2547*t**2 + 21*t - 37. Let o(g) = -g**2 - 5*g + 2. Let y be o(0). Is f(y) a prime number?
True
Let x(s) = 3*s**2 - 90. Let l(j) = -j**2 + 1. Let d(a) = 6*a**2 - 35. Let u(w) = -d(w) - 5*l(w). Let z(g) = 8*u(g) + 3*x(g). Is z(19) prime?
True
Let l(f) = -38940*f + 839. Is l(-3) composite?
False
Let h = 320597 + -136702. Suppose -6*m + h = 46489. Is m a prime number?
True
Let p(n) = -22535*n + 706. Is p(-3) prime?
True
Let i(b) = 16601*b**3 + 5*b**2 - 12*b + 5. Is i(2) a composite number?
True
Let t(w) = 37540*w - 1331. Is t(4) prime?
True
Let m(p) be the third derivative of 13*p**5/6 - p**4/6 + 7*p**3/6 - 77*p**2. Is m(6) a composite number?
False
Suppose 0 = 5*i, z - 5*i - 26801 = -8*i. Is z composite?
False
Let b be ((-1848)/(-55))/(6/1155). Let s = -2434 + b. Is s composite?
True
Let k = 25162 - 13703. Is k a prime number?
False
Let t(j) = 7*j**2 + 56*j - 2912. Is t(141) composite?
True
Let w = 93 + 257. Suppose -4*t + 767 = -1973. Let k = t - w. Is k prime?
False
Let z = 779687 + -223746. Is z composite?
False
Let b be -53 + -2*15/10. Let m = 52 + b. Is (1 - (-369)/m)*-4 prime?
False
Let b = 239 - 235. Is (127422/12)/(2*3/b) prime?
True
Let t(x) = 119*x**3 + 7*x**2 - 6. Let q be t(5). Suppose 15*l - 19*l = -q. Is l a composite number?
False
Let w = 33847 + -15806. Is w composite?
False
Let p = -22 + 104. Let k = p - 55. Suppose -12*i - k = -6195. Is i a prime number?
False
Let i(l) = 113*l**3 + 84*l**2 + 54*l + 95. Is i(16) a prime number?
True
Suppose 0 = 4*y - 22 + 10, 4*z - 14 = 2*y. Suppose -6*x + 1737 = -z*x + 2*w, 3*w = 9. Is x a composite number?
True
Let g(b) = 27*b - 23. Let z be g(7). Suppose 148*r + 401526 = z*r. Is r composite?
False
Let w = -10188 - -14569. Suppose 2627 = 3*s + 2*a, 7*s = 12*s + 2*a - w. Is s a prime number?
True
Let t be 10/120*0 - 3/(-1). Let g = -2 - -2. Suppose g*y = -t*y + 531. Is y a prime number?
False
Suppose 0*w - 2*y = -w + 85, -4*y = -5*w + 437. Suppose 1098 + w = c. Is c composite?
False
Let i = -78 - -82. Suppose 0 = -i*a + 4*h + h + 40, 4*a - 32 = 3*h. Suppose -y - 1110 = -w - 0*y, 2*y - 5543 = -a*w. Is w prime?
True
Suppose 0 = -k + 11 - 12. Let b be (-23)/((-2)/(-46)*k). Let v = b - -82. Is v a composite number?
True
Let c = -162 - -162. Suppose 3 = 3*y, -4*z + 4*y + 2505 - 425 = c. Is z a prime number?
True
Let t be 2/5 - 304/(-190). Suppose -2903 = -t*w + 2359. Is w a prime number?
False
Suppose 25*o = -6*o - 39276 + 275527. Is o prime?
True
Suppose 13*s + 24788 + 17069 = -6*s. Suppose 2*j = 3817 - 653. Let q = j - s. Is q a composite number?
True
Let n = 3216217 - 1785572. Is n prime?
False
Suppose -3*q + 1003953 = -5*s, 3*q = -19*s + 20*s + 1003977. Is q a prime number?
True
Let b = -150 + 153. Suppose -b*z + 11*z = 17016. Is z prime?
False
Let m = -7689 + 19817. Let r be 6/(3/12*6). Suppose -4*k = -3*f - m, f - 2*f = -r. Is k composite?
True
Suppose 0 = 4*w + 3*v, w - v = -2*v + 1. Let t(z) = 12*z**2 + z + 4. Let j be t(w). Let a = j + 158. Is a a prime number?
False
Suppose 4*y - 41 = -373. Let w = -89 - y. Is (-3)/2*12428/w composite?
True
Let a be (1 - -2)*2229/(-9). Let x be (-9 + 7)/(-1*(-1)/(-687)). Let u = x + a. Is u prime?
True
Let f(u) = -271*u**3 + 10*u**2 + 42*u - 19. Is f(-4) a prime number?
True
Suppose -2*m = -2*p + 4, -6*m + m + 2*p - 16 = 0. Is m*((-236038)/8)/11 a prime number?
True
Let q(s) = -s**2 + 8*s - 2. Let j be q(7). Let r(z) = -3*z**2 + 13*z + 10. Let u be r(j). Suppose 2*i + o + 49 - 361 = u, o = i - 153. Is i a prime number?
False
Suppose -11*o - 38 = 17. Is 1291/(o - -4)*-1 a composite number?
False
Is 2/(-14) + 20/(2520/(-27))*-1872272 a composite number?
False
Suppose -5*w - 628163 - 863348 = -4*a, 3*w = a - 372890. Is a a prime number?
False
Suppose 43*k = 5*g + 45*k - 461791, 0 = -g - 5*k + 92372. Is g a prime number?
True
Suppose 0 = 44*d - 35*d - 78300. Let f = -4323 + d. Is f prime?
False
Let u(q) = -10123*q + 4199. Is u(-28) prime?
False
Is (0 - -1)/(13905840/(-4635285) - (-1 - 2)) a composite number?
False
Suppose 28*v - 45*v = -1766113. Is v composite?
False
Let m = 127008 - -407395. Is m a prime number?
True
Suppose -3*l = -l - 746. Suppose -11*x + 12*x - l = 0. Let d = 726 - x. Is d a composite number?
False
Let x = 25924 + 22297. Is x a prime number?
True
Let j(v) = 3445*v + 1147. Is j(10) composite?
False
Let t(u) = 8 + 14 - 20 - 5 + 8 + 1357*u. Let f(k) = k**3 - k**2 + 2*k - 2. Let d be f(2). Is t(d) prime?
True
Suppose -3*j = 3*g - 434844 - 439350, -4*j + 4*g = -1165536. Is j a prime number?
False
Let s(g) be the second derivative of 9/2*g**4 + 0 - 2/3*g**3 - 9/2*g**2 - 8*g. Is s(-5) a prime number?
True
Let i(d) = -768*d - 81. Let m(j) = 384*j + 41. Let k(r) = 4*i(r) + 7*m(r). Is k(-15) composite?
True
Let w(g) = g + 2671. Let f be (-1 - 1) + (-7 - -5)/(-1). Is w(f) a composite number?
False
Is (60329 - -2) + (-6)/(-1)*1 a composite number?
False
Let v(m) be the third derivative of -219*m**4/8 + 101*m**3/6 - 71*m**2. Is v(-8) composite?
True
Let z(m) = -3*m + 69. Suppose 182 = 13*l - 117. Let d be z(l). Suppose d = 3*g + 2*p + 2*p - 1215, 2*g - 809 = -3*p. Is g a prime number?
True
Let n(j) be the third derivative of -27*j**4/4 - 19*j**3/6 - 5*j**2. Let t(g) = g**3 - 10*g**2 - 11*g - 9. Let m be t(11). Is n(m) prime?
True
Suppose 2*w + 4*c = 71896, -143756 = -36*w + 32*w + 4*c. Is w a composite number?
True
Let w(c) = -169*c**3 - 3*c**2 + 15*c - 1. Let p(b) = -338*b**3 - 6*b**2 + 31*b - 2. Let r(q) = 6*p(q) - 13*w(q). Is r(2) a prime number?
False
Let r(u) = 2*u**3 - 15*u**2 + 4*u - 4. Let j be r(7). Let h = j - -28. Is (-12)/h*(-2274)/24 a composite number?
False
Let s be -13256*((-7 - -8) + (-3)/2). Suppose 4*q = 8*q - s. Is q a prime number?
True
Let a = 865990 - 400203. Is a prime?
False
Let l(s) = -3*s**3 - 28*s**2 - 52*s - 44. Is l(-31) a prime number?
True
Let t = 851086 - 500739. Is t a prime number?
True
Let f = 23435 + -186. Is f a composite number?
True
Suppose -40*k + 37*k - 4627 = 2*b, 3*b - 21 = 0. Suppose -5*i = v + 1016, -3*v - 2602 = -2*i + 412. Let c = v - k. Is c composite?
False
Let p = 56056 - 6447. Let v = p + -25370. Is v composite?
False
Let k be 15560/15 - 2/6. Let b be (-138)/(1 - 2)*3. Let l = k - b. Is l composite?
True
Suppose 5*v + 6816 = 2*c + 1292, -5*c = -3*v - 13829. Is c prime?
True
Let j be 0/(-4 + 5)*-1. Suppose 2*k + 21*o - 26*o = 20066, -5*k - o + 50165 = j. Is k prime?
False
Is 840/77 + -11 - (-3 + 2201433/(-33)) composite?